0*u = -5*u + 5*d - 35. Let g = -9 - u. What is the units digit of g?
2
Suppose 8*r - 1249 = 487. What is the hundreds digit of r?
2
Let k = 2 + -10. Let z(n) = n**3 - 6*n**2 + 2*n. Let c be z(5). Let v = k - c. What is the units digit of v?
7
Let s(w) = 13*w - 1. Let l(c) = c + 10. Let d be l(-7). What is the tens digit of s(d)?
3
Let m = 77 - 24. What is the units digit of m?
3
Suppose 5 = 5*i - 20. What is the units digit of i?
5
What is the tens digit of (-6)/(-10) + (-1632)/(-30)?
5
Let n(w) = w. Let a be n(4). Let g be ((-2)/a)/((-1)/(-6)). Let f = g - -8. What is the units digit of f?
5
Suppose 10*a - 7*a - 936 = 0. What is the tens digit of a?
1
Let b(h) be the third derivative of h**5/60 - 7*h**4/24 - h**3/2 - h**2. What is the units digit of b(10)?
7
Let q be 16/(-7) + 6/21. Let o be (1 + q)*(3 - 4). Suppose -3*p + 3*l + 21 = -2*p, -4*p - o = 5*l. What is the units digit of p?
6
Let m(z) = z**2 + 3. Let s be m(3). Let q be (s + -2 - 0)/2. Suppose -q*t + 32 = -t. What is the units digit of t?
8
What is the hundreds digit of 4432/(-24)*3/(-2) - -4?
2
Let a(h) = -h + 13. Let z be a(8). Suppose -3*f - z = y - 2*y, -5*y = 2*f + 26. Let p = -3 - y. What is the units digit of p?
1
What is the tens digit of ((-159)/(-6))/(3/6)?
5
Let g(t) = t**2 + 7*t + 4. Let w be g(-7). Suppose 55 = w*r + r. What is the tens digit of r?
1
Let u(h) = -h**2 + 2*h + 4. Let s be u(4). Let p(z) = -z - 1. Let f(j) = 9*j + 3. Let m(l) = s*p(l) - f(l). What is the units digit of m(-1)?
6
Let q = -1 - -8. Let z(u) = -112*u - 4 + 113*u - 1. What is the units digit of z(q)?
2
Let x = 3 - -72. What is the units digit of x?
5
Suppose -j = 4*y - 92, 0 = 4*y + 4*j - 6*j - 104. Suppose -3*f + y = -0*f. Let t = 15 - f. What is the units digit of t?
7
Suppose 192 - 474 = -2*n + 5*a, 4*n - 3*a = 592. What is the tens digit of n?
5
Let q = -6 - -7. Let v(n) = -2 - q + 2 + n. What is the units digit of v(11)?
0
Let h(r) = -r + 21. What is the units digit of h(19)?
2
Suppose 3*c + 102 = -0*c. What is the tens digit of (-4)/4*c - -2?
3
Let i = 60 - -49. What is the hundreds digit of i?
1
Suppose 3*h + 1 = 5*k, -h = -2*k - k - 5. Let c = 14 + h. What is the units digit of c?
7
Suppose 0 = 2*a - 15 - 5. What is the units digit of a?
0
Let m(r) = 9*r**2 - 4. What is the units digit of m(-3)?
7
Suppose -k + 6*k = 0. Suppose -2*j = -k*j. Suppose -l + 4*m + 6 = j, -2*m = 2*l + m - 23. What is the tens digit of l?
1
Let h be 4 + -4 - (0 + 0). Suppose 0 = j + 2*r - 2 - 5, 5*j + 5*r - 50 = h. What is the units digit of j?
3
Let y(f) = 8*f**3 - f**2 - 2*f - 1. What is the tens digit of y(2)?
5
Let v(y) = y**3 + 13*y**2 - 13*y - 5. What is the units digit of v(-13)?
4
Let r = 12 - -74. What is the units digit of r?
6
Suppose -4*z + 0 = 5*x - 8, 0 = 5*x + 5*z - 10. Suppose -4*i - 16 - 8 = x. Let c = -1 - i. What is the units digit of c?
5
Let i(w) be the second derivative of -w**5/20 + w**4/2 - 2*w**3/3 + w**2/2 - 3*w. What is the units digit of i(5)?
6
Suppose 16 = 4*w, 2*w - 70 - 7 = -s. What is the units digit of s?
9
Let l = -2 - -6. Suppose l + 12 = 4*i. Let o = i + 3. What is the units digit of o?
7
Let x(k) = k**2 - 4*k - 4. What is the tens digit of x(-7)?
7
Let i = 6 - 10. Let j = -1 - i. What is the units digit of j?
3
What is the units digit of -2 - (0 - -64)*(-2 - 1)?
0
Suppose -l = -3*s - 2*s + 366, 4*l - 215 = -3*s. What is the tens digit of s?
7
Let n be (10/(-4))/((-1)/2). Suppose 0 = -2*j + n*j + 4*v - 15, -2*v + 20 = 4*j. What is the units digit of j + 0 + -1 + 1?
5
Let x(z) = -z + 14. Let y be x(9). Suppose y*g - 26 = -6. What is the units digit of g?
4
Let l(b) = -b**3 + 5*b**2 - 4*b + 2. Suppose -q - 3 = -7. Let x = -2 + q. What is the units digit of l(x)?
6
Suppose s - 2 = -0*s. Let b(f) = -2*f**2 + 4*f + f**3 - 3*f**s - 1 - 2*f. What is the units digit of b(5)?
9
Let p = -20 + 32. Let j(b) = b**3 + 4*b**2 - 5*b + 4. Let l be j(-5). Let f = p - l. What is the units digit of f?
8
Suppose -2*n + 7*n = 80. Let p = -11 + n. What is the units digit of p?
5
What is the tens digit of (-61)/(-3)*8/((-32)/(-12))?
6
Let h = -1 - 0. Let o = -16 + 18. What is the tens digit of 22/o - (h + -2)?
1
Let y be (28 - -4 - 4) + 2. Suppose y = g + g. What is the units digit of g?
5
Suppose 664 = -4*x + 12*x. What is the units digit of x?
3
Let n(s) be the second derivative of -s**5/5 - s**3/6 - s**2/2 - 2*s. What is the units digit of n(-1)?
4
Suppose -2*r = g - 14, -g + 3*r - 21 = -2*r. Suppose 5*u - 11 = 9, g*h = 3*u + 28. What is the units digit of h?
0
Let z(a) = -a - 1. Let b be z(-2). Let q be -1 + 1*7/b. Let d = -5 + q. What is the units digit of d?
1
Suppose 7*n - 3*n = 16. Suppose -n = -u - 1. Suppose 30 = u*m + 2*p, 4*m - 25 = -m + 5*p. What is the units digit of m?
8
Let j = 25 - 3. Suppose -p - j = -2*h, 2*h - 3*p - 54 = -3*h. What is the units digit of h?
2
Let j(t) = t + 4. Let x be j(-4). Suppose x = 5*b + 5*i - 130, i - 2 - 70 = -3*b. What is the tens digit of (-3)/(2 - b/10)?
1
Let h = -5 + 10. Let z(b) = 2*b**2 - 5*b + 5. What is the units digit of z(h)?
0
Let b be 4*3/6 - -1. Let z(m) = 4*m + m - 4 - m - b*m. What is the units digit of z(8)?
4
Let b = -4 + 6. Suppose 5*q + b*h - 6 = 0, -q - 2*q + 4 = h. What is the units digit of q?
2
Let o(p) = 8*p + 4. What is the tens digit of o(3)?
2
Let a = 83 - 38. What is the tens digit of a?
4
Let g(s) = -s**3 - 5*s**2 + 5*s + 1. Let a be g(-6). Suppose b = -3, 2*r + 3*r + b = a. What is the tens digit of ((-10)/3)/(r/(-6))?
1
Let y(w) = -2*w**3 - 2*w**2 - w + 1. What is the units digit of y(-1)?
2
Let z = -5 + 20. Let h = z + -5. What is the tens digit of h?
1
Suppose 0*y - 16 = 4*y. Let w be y*(21/12 + -1). What is the units digit of (-5)/(-1) - (-2 - w)?
4
Let i = 6 - -4. Let f = -5 + i. Suppose f*u - 32 - 13 = 0. What is the units digit of u?
9
Let t(y) = -4 + 1 + 1 + 3*y**2 + y. What is the units digit of t(-2)?
8
Let o be (4/8)/(2/32). Suppose 10*n - 16 = o*n. What is the units digit of n?
8
Let l = -9 + 13. Suppose l*z + 12 = 0, 0 = 5*f - 5*z - 70 + 5. What is the tens digit of f?
1
Let s be (-4 + 0)/(2/36). What is the tens digit of (s/(-10))/(6/40)?
4
Let x(g) = g**3 + 2*g**2 + 2*g + 3. Let l be x(-2). Let m = -7 - l. Let i = 18 + m. What is the units digit of i?
2
Let p(h) = -h**3 + 6*h**2 + 4*h - 1. Let y be p(6). Suppose 2*v - y = v. Let o = v + -15. What is the units digit of o?
8
Suppose 0 = 4*t - 4, t - 10 = -3*n. Suppose -8 = -n*m + 22. What is the tens digit of m?
1
Let h = 10 - 6. Suppose 33 + 79 = h*k. Suppose -4*p = 2*d - k, -4*d + 21 = p - 49. What is the tens digit of d?
1
Let o(d) = -d**3 + 10*d**2 + 10*d + 16. Let h be o(11). Let l be ((-1)/2)/(h/(-240)). Suppose -2*j + 0*j = -l. What is the tens digit of j?
1
Suppose 3*h + 23 = -2*u - 3, 0 = -2*u + 3*h - 2. Let y be ((-8)/6)/((-2)/(-6)). What is the units digit of (u/2)/(y/8)?
7
Let b = -4 - -8. Suppose -2*y - 60 = -b*y. What is the units digit of y?
0
Suppose 2*t + 152 = 5*b - 0*b, -5*b - 2*t = -148. What is the units digit of b?
0
Let l(a) = -68*a. Let u be l(-4). Suppose 3*v - v = -u. What is the units digit of v/(-22) + (-2)/11?
6
Let b(i) = -3 + 2*i + 1 - 2. Let r be b(3). What is the units digit of 1 + (r - (2 - 1))?
2
Suppose 0 = -2*d - d + 48. What is the tens digit of d?
1
Suppose -11 - 10 = -3*j. Let m = j - 6. What is the units digit of m?
1
Suppose -2*r - 3*r + 20 = 0. Suppose 2 = -2*q - r. What is the units digit of (3/12)/(q/(-12))?
1
Let b(u) be the third derivative of -u**6/120 + 2*u**5/15 - 7*u**4/24 + u**3 - 2*u**2. What is the units digit of b(7)?
6
Let y = -1 + 7. What is the units digit of y?
6
Let f(g) = 2*g + 1. Let a be f(2). Suppose -15 = -a*z - 5. Suppose -2*b - z*b = -48. What is the units digit of b?
2
Let w(o) = 3*o + 8. Suppose -3*a + 9 = -9. What is the units digit of w(a)?
6
Suppose -2*s + 3*o = 7*o - 170, -3*o = 5*s - 418. What is the tens digit of s?
8
Let u(s) = s**2 - 9*s + 14. What is the units digit of u(11)?
6
What is the hundreds digit of (746/4)/1 + (-4)/(-8)?
1
Let q(r) = -r**2 - 2*r + 4. Let g be q(-5). Let s(o) be the third derivative of o**5/60 + 3*o**4/8 - 13*o**3/6 - 2*o**2. What is the units digit of s(g)?
9
Let u(c) = c**3 + 4*c**2 + 3*c. Let s be u(-2). Let p be 18/4 + (-1)/(-2). Suppose p*q - 39 = s*n